 d - 1 + 7. Let w be j(-4). Calculate the greatest common factor of z and w.
6
Suppose 0 = -2*f + f. Suppose 2*l = x + 4*x + 34, f = -2*x + 8. What is the highest common divisor of 9 and l?
9
Let d be 92/6 + (-1)/3. Let h = 7 + -1. Calculate the greatest common divisor of h and d.
3
Let z = 2 + -2. Suppose -w + 6 = -z*w. Let l be -3*((-112)/w - -2). What is the greatest common factor of l and 10?
10
Let p be (-6 - -9)/((-3)/(-105)). Calculate the greatest common divisor of p and 15.
15
Let o(y) = y - 9. Let r(m) = -2*m - 7. Let q be r(-8). Let n be o(q). Suppose 15 = t - n. Calculate the greatest common factor of 60 and t.
15
Suppose 0 = m - 5*b - 17, -b = -3*m + 2*b + 3. Let s = 18 + m. Calculate the greatest common factor of s and 135.
15
Let r(z) = 1 + 17*z**2 + z - z + 48*z**2. Let q be r(1). Calculate the highest common divisor of 22 and q.
22
Let b(s) = 2*s**2 + s + 2. Let y be b(-4). Let d be (1 - 0)/(-2 - -1). Let z be d + 0 + 1 + 12. Calculate the highest common divisor of z and y.
6
Let z(o) = o**2 - 7*o - 12. Let n be z(10). Let t be 9*(-5)/(-1) - 0. What is the greatest common factor of t and n?
9
Suppose 7*q = 5*s + 3*q + 37, 0 = -2*s + 3*q - 12. Let p = -4 - s. Suppose -4*j - 88 = -4*l, -3*l - 9 = j - 67. Calculate the greatest common factor of l and p.
5
Suppose 0 = -2*l + 52 - 12. Suppose 0 = -3*f + 19 + l. Suppose 2*j - 4*d = 10, 0*j + 32 = 4*j - 5*d. Calculate the greatest common divisor of f and j.
13
Let r = -13 - -18. Let i(o) = 4*o - 5. Let c be i(5). Calculate the greatest common divisor of r and c.
5
Suppose -3*q = 2*k - 68, 4*q = 2*k - 16 + 88. What is the greatest common divisor of q and 10?
10
Let v be (-2154)/(-27) - (-2)/9. What is the highest common factor of v and 16?
16
Suppose -5*c = -5*q + 55, 0 = -2*c + 4*c + 2*q + 2. Let h be 60/(3 + 15/c). What is the highest common factor of 30 and h?
30
Let t be -4*(-15 + -1 + 1). Suppose -7 = -2*d + 73. What is the highest common divisor of t and d?
20
Suppose 0 = -5*p + 4*p + 16. Suppose -48 + 0 = -2*h. What is the greatest common factor of p and h?
8
Let h = 4 - -4. What is the greatest common factor of h and 64?
8
Let i = 38 - 22. Calculate the greatest common factor of i and 48.
16
Let t = -12 - -14. Suppose n - 10 = 2*r, n = -r + t*r + 12. Calculate the highest common divisor of n and 56.
14
Let o = 7 + -3. Suppose -111 = -4*w + 3*m, -5 = 5*m - o*m. What is the highest common factor of 6 and w?
6
Suppose 3*s - 5*s + 566 = 2*b, -4*b = s - 298. Let n(d) = -d + 10. Let a be n(7). Let c be 1 + a/(6/s). Calculate the highest common divisor of c and 20.
20
Let p = 0 - 6. Let l = -5 - p. Calculate the greatest common factor of l and 4.
1
Suppose -r - 2*r + 6 = 0. Suppose -r*x + 17 = 7. Suppose 3*h + 2*c - 13 = 0, h = 2*c + 2*c - 19. What is the greatest common divisor of x and h?
1
Suppose -2*p = -2 - 8. Suppose -168 = -p*g + 2*g. Calculate the greatest common factor of g and 8.
8
Suppose -6 = -3*r + 3*g, 3*g + 7 = 3*r + g. Suppose 28 = 2*j + r*n, 22 = j + 4*n - 2. Calculate the highest common factor of j and 20.
4
Let z = 45 + -24. Let y = z + -8. Let d be 2/(2/(-351)*-3). Calculate the greatest common divisor of y and d.
13
Let x(j) = -j**2 + 12*j - 13. Let t be x(9). Calculate the highest common divisor of t and 14.
14
Let k(s) be the first derivative of -s**4/4 + 2*s**3 + s**2 + 1. Let c be k(6). Calculate the greatest common factor of 12 and c.
12
Let z = 136 - 82. Let v(g) = g**3 + g**2 + 1. Let d be v(0). Let r = d + 5. Calculate the highest common factor of r and z.
6
Let r = 8 - -9. Suppose -68 = -4*j - 0*j. Calculate the greatest common factor of r and j.
17
Suppose -5*z = 3*y - 0*z - 2, 0 = -3*z + 12. Let v(w) = -w - 2. Let f be v(y). Let m be (-2 + 11)/(6/4). What is the greatest common factor of f and m?
2
Let h be 2 - 1*-2*1. Let p = h + -2. Suppose 2 = m - p. What is the highest common factor of 36 and m?
4
Let y(k) be the first derivative of k**4/4 + 2*k**3 - 3*k**2/2 + 6*k - 3. Let c be y(-6). What is the greatest common divisor of 12 and c?
12
Let n(q) = 66*q. Let r be n(2). Suppose 2*d - 8 = -4*w + 26, -3*w = -4*d + 57. Let j be d + -1 + (-5 - -3). Calculate the greatest common factor of j and r.
12
Let h = 5 + -2. Suppose 216 = 6*i - h*i. Let a = 20 + -11. What is the highest common divisor of a and i?
9
Suppose -5*s + 66 = -4. What is the highest common divisor of 70 and s?
14
Let g(k) = k**2 - 4*k + 4. Let h be g(5). Let n be (-480)/(3/(-1)) + -1. Let q = n - 96. What is the highest common divisor of q and h?
9
Suppose -5*w - 5*s = -77 + 12, 3*w - 37 = -4*s. Calculate the highest common factor of 6 and w.
3
Let y = 14 - 8. Suppose 4*h - 6*h = -y. Suppose f = -4, -p + 38 = -f - h*f. What is the highest common divisor of 33 and p?
11
Let i be 6/(-21) + ((-1284)/21)/(-4). Calculate the greatest common factor of i and 135.
15
Suppose -l + 58 + 12 = 3*r, 5*l = -5*r + 100. Calculate the highest common divisor of r and 5.
5
Let a = -222 + 244. Let t = -16 - -71. Calculate the greatest common divisor of t and a.
11
Let p(b) = -b**2 - 14*b + 17. Let c = -27 - -13. Let m be p(c). Calculate the greatest common divisor of 68 and m.
17
Suppose 104*i - 30 = 102*i. What is the highest common factor of 3 and i?
3
Let s(b) = 4*b + 5. Let g be s(4). Suppose 0 = 5*c - g - 39. Let d = -80 - -176. What is the greatest common factor of c and d?
12
Let i be 174/10 - ((-63)/15)/7. What is the highest common divisor of i and 72?
18
Let f = 10 + -2. Suppose 5*r + 2037 + 1083 = 0. Let u be (1/(-3))/(13/r). Calculate the greatest common divisor of u and f.
8
Let g(w) = w + 16. Let z be g(9). Let n be -3 - (-4 + 3 - 202). What is the greatest common divisor of z and n?
25
Let d(v) = v**3 - 4*v**2 + 7*v + 12. Let f be d(5). What is the highest common factor of f and 36?
36
Suppose -5 = -q - 0*q. Suppose 0 = -q*v + 162 + 463. Let u = v + -53. Calculate the greatest common divisor of 24 and u.
24
Let n(q) = 2*q - 4. Let f be n(3). Suppose 3*z - 1 = 5. What is the highest common divisor of z and f?
2
Let y be -1 - 2/(2/(-5)). Let t(u) = 11*u**2 + 4*u - 3. Let z be t(y). Calculate the highest common divisor of z and 21.
21
Let v(p) = 4 + 8 + p**3 - 5. Let y be v(0). Let d be (-7)/(-4)*(-4)/(-1). Calculate the greatest common factor of y and d.
7
Suppose -n - 1 = -3*k - 3*n, 2*k = n - 11. Let j = k + 3. Let m = j - -14. What is the highest common factor of 35 and m?
7
Let w = 1 - 1. Suppose -12 = 3*y, -3*l - 2*y + 4*y + 128 = w. What is the greatest common factor of l and 16?
8
Let i = 149 + -137. What is the highest common divisor of 192 and i?
12
Let c(n) = -4*n**2 - 5*n. Let m(a) = a**2. Let y(j) = -c(j) - 2*m(j). Let i be y(-4). Let w = 14 - 2. Calculate the greatest common divisor of w and i.
12
Let x be (-4)/16 - (-13)/4. Calculate the greatest common factor of x and 9.
3
Let v = 76 + -49. Suppose 11 + 16 = 3*r. What is the highest common factor of v and r?
9
Suppose 0 = -5*c + 4*z + 167, -5*c = -3*z - 134 - 30. Suppose -2*f + 28 = 2*j, -c = -2*f - 4*j - 3. Calculate the greatest common divisor of f and 7.
7
Suppose 0 = 6*i - 16*i + 360. What is the greatest common divisor of 36 and i?
36
Let g(v) = -v**3 + 7*v**2 - 4*v + 15. Let k be g(6). Calculate the highest common divisor of k and 54.
27
Let i(z) = 12*z**3 + 2*z**2 - 4*z. Let a be i(2). What is the highest common divisor of a and 12?
12
Let z(w) = -2*w**2 + 6*w - 6. Let x be z(7). Let s be x/2*(2 - 3). Let k = 43 - s. What is the greatest common divisor of 3 and k?
3
Let k = 44 + -26. Calculate the highest common divisor of 2 and k.
2
Let k = -3 - -11. Let d = -9 - -25. Calculate the greatest common factor of k and d.
8
Let s = 46 - -59. Calculate the highest common factor of s and 70.
35
Let q(s) = -4*s + 16. Let w be q(-11). What is the greatest common factor of 40 and w?
20
Let y(w) = 2*w**2 + 11*w + 24. Let v be y(-7). Calculate the highest common factor of v and 18.
9
Suppose 5*b + 8 = 6*b. Let k(z) = -z + 17. Let t be k(b). What is the greatest common factor of 18 and t?
9
Let g = 25 - -17. Let l(s) = 7*s + 15. Let k be l(-3). Let v be 19 - (1 + 3 + k). Calculate the greatest common factor of g and v.
21
Suppose o = -5*i + 174, -2*o - 4*i = -0*o - 366. What is the greatest common divisor of 21 and o?
21
Let j(d) =